[INFO] cloning repository https://github.com/sxopedeveloper/email
[INFO] running `Command { std: "git" "-c" "credential.helper=" "-c" "credential.helper=/workspace/cargo-home/bin/git-credential-null" "clone" "--bare" "https://github.com/sxopedeveloper/email" "/workspace/cache/git-repos/https%3A%2F%2Fgithub.com%2Fsxopedeveloper%2Femail", kill_on_drop: false }`
[INFO] [stderr] Cloning into bare repository '/workspace/cache/git-repos/https%3A%2F%2Fgithub.com%2Fsxopedeveloper%2Femail'...
[INFO] running `Command { std: "git" "rev-parse" "HEAD", kill_on_drop: false }`
[INFO] [stdout] bf48e3e7183ae69ccb46c9499e88285019e7086f
[INFO] checking sxopedeveloper/email against master#cfbc6d4cf1acbac5c025acf8ed68929caa551df3 for pr-75494-beta
[INFO] running `Command { std: "git" "clone" "/workspace/cache/git-repos/https%3A%2F%2Fgithub.com%2Fsxopedeveloper%2Femail" "/workspace/builds/worker-7/source", kill_on_drop: false }`
[INFO] [stderr] Cloning into '/workspace/builds/worker-7/source'...
[INFO] [stderr] done.
[INFO] validating manifest of git repo https://github.com/sxopedeveloper/email on toolchain cfbc6d4cf1acbac5c025acf8ed68929caa551df3
[INFO] running `Command { std: "/workspace/cargo-home/bin/cargo" "+cfbc6d4cf1acbac5c025acf8ed68929caa551df3" "read-manifest" "--manifest-path" "Cargo.toml", kill_on_drop: false }`
[INFO] started tweaking git repo https://github.com/sxopedeveloper/email
[INFO] removed workspace from git repo https://github.com/sxopedeveloper/email
[INFO] removed path dependency check-if-email-exists from git repo https://github.com/sxopedeveloper/email
[INFO] finished tweaking git repo https://github.com/sxopedeveloper/email
[INFO] tweaked toml for git repo https://github.com/sxopedeveloper/email written to /workspace/builds/worker-7/source/Cargo.toml
[INFO] crate git repo https://github.com/sxopedeveloper/email already has a lockfile, it will not be regenerated
[INFO] running `Command { std: "/workspace/cargo-home/bin/cargo" "+cfbc6d4cf1acbac5c025acf8ed68929caa551df3" "fetch" "--locked" "--manifest-path" "Cargo.toml", kill_on_drop: false }`
[INFO] [stderr] warning: dependency (check-if-email-exists) specified without providing a local path, Git repository, or version to use. This will be considered an error in future versions
[INFO] [stderr]     Updating crates.io index
[INFO] [stderr] error: the lock file /workspace/builds/worker-7/source/Cargo.lock needs to be updated but --locked was passed to prevent this
[INFO] [stderr] If you want to try to generate the lock file without accessing the network, use the --offline flag.
[INFO] the lockfile is outdated, regenerating it
[INFO] running `Command { std: "/workspace/cargo-home/bin/cargo" "+cfbc6d4cf1acbac5c025acf8ed68929caa551df3" "generate-lockfile" "--manifest-path" "Cargo.toml" "-Zno-index-update", kill_on_drop: false }`
[INFO] running `Command { std: "/workspace/cargo-home/bin/cargo" "+cfbc6d4cf1acbac5c025acf8ed68929caa551df3" "fetch" "--locked" "--manifest-path" "Cargo.toml", kill_on_drop: false }`
[INFO] [stderr] warning: dependency (check-if-email-exists) specified without providing a local path, Git repository, or version to use. This will be considered an error in future versions
[INFO] [stderr]     Blocking waiting for file lock on package cache
[INFO] [stderr]  Downloading crates ...
[INFO] [stderr]   Downloaded fast-socks5 v0.3.1
[INFO] [stderr]   Downloaded async-std-resolver v0.19.5
[INFO] [stderr]   Downloaded async-smtp v0.3.4
[INFO] [stderr]   Downloaded mailchecker v3.3.12
[INFO] [stderr]   Downloaded check-if-email-exists v0.8.13
[INFO] running `Command { std: "docker" "create" "-v" "/var/lib/crater-agent-workspace/builds/worker-7/target:/opt/rustwide/target:rw,Z" "-v" "/var/lib/crater-agent-workspace/builds/worker-7/source:/opt/rustwide/workdir:ro,Z" "-v" "/var/lib/crater-agent-workspace/cargo-home:/opt/rustwide/cargo-home:ro,Z" "-v" "/var/lib/crater-agent-workspace/rustup-home:/opt/rustwide/rustup-home:ro,Z" "-e" "SOURCE_DIR=/opt/rustwide/workdir" "-e" "CARGO_TARGET_DIR=/opt/rustwide/target" "-e" "CARGO_HOME=/opt/rustwide/cargo-home" "-e" "RUSTUP_HOME=/opt/rustwide/rustup-home" "-w" "/opt/rustwide/workdir" "-m" "1610612736" "--user" "0:0" "--network" "none" "rustops/crates-build-env@sha256:a636fd89d022f18117e1dc8fb37a0a009933cdbbe082814857f0e2024962d47c" "/opt/rustwide/cargo-home/bin/cargo" "+cfbc6d4cf1acbac5c025acf8ed68929caa551df3" "metadata" "--no-deps" "--format-version=1", kill_on_drop: false }`
[INFO] [stdout] d4161dfdda33920902431c9a092fa1e3325915881c35d80d3913c65bc390cb44
[INFO] [stderr] WARNING: Your kernel does not support swap limit capabilities or the cgroup is not mounted. Memory limited without swap.
[INFO] running `Command { std: "docker" "start" "-a" "d4161dfdda33920902431c9a092fa1e3325915881c35d80d3913c65bc390cb44", kill_on_drop: false }`
[INFO] running `Command { std: "docker" "inspect" "d4161dfdda33920902431c9a092fa1e3325915881c35d80d3913c65bc390cb44", kill_on_drop: false }`
[INFO] running `Command { std: "docker" "rm" "-f" "d4161dfdda33920902431c9a092fa1e3325915881c35d80d3913c65bc390cb44", kill_on_drop: false }`
[INFO] [stdout] d4161dfdda33920902431c9a092fa1e3325915881c35d80d3913c65bc390cb44
[INFO] running `Command { std: "docker" "create" "-v" "/var/lib/crater-agent-workspace/builds/worker-7/target:/opt/rustwide/target:rw,Z" "-v" "/var/lib/crater-agent-workspace/builds/worker-7/source:/opt/rustwide/workdir:ro,Z" "-v" "/var/lib/crater-agent-workspace/cargo-home:/opt/rustwide/cargo-home:ro,Z" "-v" "/var/lib/crater-agent-workspace/rustup-home:/opt/rustwide/rustup-home:ro,Z" "-e" "SOURCE_DIR=/opt/rustwide/workdir" "-e" "CARGO_TARGET_DIR=/opt/rustwide/target" "-e" "CARGO_INCREMENTAL=0" "-e" "RUST_BACKTRACE=full" "-e" "RUSTFLAGS=--cap-lints=forbid" "-e" "CARGO_HOME=/opt/rustwide/cargo-home" "-e" "RUSTUP_HOME=/opt/rustwide/rustup-home" "-w" "/opt/rustwide/workdir" "-m" "1610612736" "--user" "0:0" "--network" "none" "rustops/crates-build-env@sha256:a636fd89d022f18117e1dc8fb37a0a009933cdbbe082814857f0e2024962d47c" "/opt/rustwide/cargo-home/bin/cargo" "+cfbc6d4cf1acbac5c025acf8ed68929caa551df3" "check" "--frozen" "--all" "--all-targets" "--message-format=json", kill_on_drop: false }`
[INFO] [stdout] ef1f4e6a6939d4e107080c1136cd782cb28120af81e613d32be57182ac9c9d45
[INFO] [stderr] WARNING: Your kernel does not support swap limit capabilities or the cgroup is not mounted. Memory limited without swap.
[INFO] running `Command { std: "docker" "start" "-a" "ef1f4e6a6939d4e107080c1136cd782cb28120af81e613d32be57182ac9c9d45", kill_on_drop: false }`
[INFO] [stderr] warning: dependency (check-if-email-exists) specified without providing a local path, Git repository, or version to use. This will be considered an error in future versions
[INFO] [stderr]    Compiling proc-macro2 v1.0.19
[INFO] [stderr]     Checking cfg-if v0.1.10
[INFO] [stderr]    Compiling unicode-xid v0.2.1
[INFO] [stderr]    Compiling libc v0.2.76
[INFO] [stderr]    Compiling syn v1.0.39
[INFO] [stderr]    Compiling memchr v2.3.3
[INFO] [stderr]    Compiling autocfg v1.0.1
[INFO] [stderr]     Checking lazy_static v1.4.0
[INFO] [stderr]     Checking futures-io v0.3.5
[INFO] [stderr]     Checking once_cell v1.4.1
[INFO] [stderr]     Checking slab v0.4.2
[INFO] [stderr]    Compiling wasm-bindgen-shared v0.2.67
[INFO] [stderr]    Compiling bumpalo v3.4.0
[INFO] [stderr]     Checking fnv v1.0.7
[INFO] [stderr]    Compiling bitflags v1.2.1
[INFO] [stderr]    Compiling cc v1.0.59
[INFO] [stderr]    Compiling wasm-bindgen v0.2.67
[INFO] [stderr]     Checking fastrand v1.3.4
[INFO] [stderr]     Checking matches v0.1.8
[INFO] [stderr]     Checking parking v2.0.0
[INFO] [stderr]     Checking foreign-types-shared v0.1.1
[INFO] [stderr]     Checking percent-encoding v2.1.0
[INFO] [stderr]     Checking event-listener v2.4.0
[INFO] [stderr]    Compiling getrandom v0.1.14
[INFO] [stderr]     Checking vec-arena v0.5.2
[INFO] [stderr]     Checking openssl-probe v0.1.2
[INFO] [stderr]     Checking scoped-tls v1.0.0
[INFO] [stderr]     Checking send_wrapper v0.4.0
[INFO] [stderr]     Checking quick-error v1.2.3
[INFO] [stderr]     Checking ppv-lite86 v0.2.9
[INFO] [stderr]    Compiling httparse v1.3.4
[INFO] [stderr]     Checking gimli v0.22.0
[INFO] [stderr]    Compiling byteorder v1.3.4
[INFO] [stderr]     Checking rustc-demangle v0.1.16
[INFO] [stderr]    Compiling anyhow v1.0.32
[INFO] [stderr]     Checking object v0.20.0
[INFO] [stderr]    Compiling encoding_rs v0.8.23
[INFO] [stderr]     Checking ascii_utils v0.9.3
[INFO] [stderr]     Checking regex-syntax v0.6.18
[INFO] [stderr]     Checking mime v0.3.16
[INFO] [stderr]     Checking either v1.6.0
[INFO] [stderr]     Checking bufstream v0.1.4
[INFO] [stderr]     Checking unicode-width v0.1.8
[INFO] [stderr]     Checking ansi_term v0.11.0
[INFO] [stderr]     Checking vec_map v0.8.2
[INFO] [stderr]     Checking yaml-rust v0.3.5
[INFO] [stderr]     Checking strsim v0.8.0
[INFO] [stderr]     Checking termcolor v1.1.0
[INFO] [stderr]    Compiling ryu v1.0.5
[INFO] [stderr]     Checking futures-channel v0.3.5
[INFO] [stderr]    Compiling proc-macro-nested v0.1.6
[INFO] [stderr]    Compiling unicase v2.6.0
[INFO] [stderr]    Compiling nom v5.1.2
[INFO] [stderr]     Checking tracing-core v0.1.15
[INFO] [stderr]     Checking thread_local v1.0.1
[INFO] [stderr]     Checking concurrent-queue v1.2.2
[INFO] [stderr]     Checking http v0.2.1
[INFO] [stderr]     Checking futures-task v0.3.5
[INFO] [stderr]     Checking foreign-types v0.3.2
[INFO] [stderr]     Checking unicode-bidi v0.3.4
[INFO] [stderr]    Compiling heck v0.3.1
[INFO] [stderr]     Checking async-mutex v1.1.5
[INFO] [stderr]     Checking miniz_oxide v0.4.1
[INFO] [stderr]     Checking lru-cache v0.1.2
[INFO] [stderr]     Checking humantime v1.3.0
[INFO] [stderr]     Checking fast_chemail v0.9.6
[INFO] [stderr]     Checking textwrap v0.11.0
[INFO] [stderr]     Checking log v0.4.11
[INFO] [stderr]    Compiling hashbrown v0.8.2
[INFO] [stderr]    Compiling crossbeam-utils v0.7.2
[INFO] [stderr]    Compiling indexmap v1.5.1
[INFO] [stderr]     Checking multitask v0.2.0
[INFO] [stderr]     Checking async-channel v1.4.0
[INFO] [stderr]     Checking mailchecker v3.3.12
[INFO] [stderr]     Checking idna v0.2.0
[INFO] [stderr]     Checking lexical-core v0.7.4
[INFO] [stderr]     Checking kv-log-macro v1.0.7
[INFO] [stderr]     Checking tracing v0.1.19
[INFO] [stderr]     Checking want v0.3.0
[INFO] [stderr]     Checking futures-lite v0.1.11
[INFO] [stderr]     Checking aho-corasick v0.7.13
[INFO] [stderr]    Compiling quote v1.0.7
[INFO] [stderr]    Compiling mime_guess v2.0.3
[INFO] [stderr]     Checking iovec v0.1.4
[INFO] [stderr]     Checking net2 v0.2.34
[INFO] [stderr]     Checking socket2 v0.3.12
[INFO] [stderr]     Checking polling v0.1.5
[INFO] [stderr]     Checking num_cpus v1.13.0
[INFO] [stderr]     Checking hostname v0.3.1
[INFO] [stderr]     Checking time v0.1.43
[INFO] [stderr]     Checking hostname v0.1.5
[INFO] [stderr]     Checking atty v0.2.14
[INFO] [stderr]     Checking url v2.1.1
[INFO] [stderr]    Compiling openssl-sys v0.9.58
[INFO] [stderr]     Checking bytes v0.4.12
[INFO] [stderr]     Checking mio v0.6.22
[INFO] [stderr]     Checking async-io v0.1.11
[INFO] [stderr]     Checking blocking v0.5.2
[INFO] [stderr]     Checking resolv-conf v0.6.3
[INFO] [stderr]     Checking rand_core v0.5.1
[INFO] [stderr]     Checking clap v2.33.3
[INFO] [stderr]     Checking http-body v0.3.1
[INFO] [stderr]     Checking regex v1.3.9
[INFO] [stderr]     Checking async-executor v0.1.2
[INFO] [stderr]     Checking rand_chacha v0.2.2
[INFO] [stderr]     Checking addr2line v0.13.0
[INFO] [stderr]     Checking rand v0.7.3
[INFO] [stderr]    Compiling openssl v0.10.30
[INFO] [stderr]    Compiling native-tls v0.2.4
[INFO] [stderr]     Checking backtrace v0.3.50
[INFO] [stderr]     Checking env_logger v0.7.1
[INFO] [stderr]    Compiling wasm-bindgen-backend v0.2.67
[INFO] [stderr]    Compiling wasm-bindgen-macro-support v0.2.67
[INFO] [stderr]    Compiling pin-project-internal v0.4.23
[INFO] [stderr]    Compiling serde_derive v1.0.115
[INFO] [stderr]    Compiling futures-macro v0.3.5
[INFO] [stderr]    Compiling tokio-macros v0.2.5
[INFO] [stderr]    Compiling thiserror-impl v1.0.20
[INFO] [stderr]    Compiling async-trait v0.1.38
[INFO] [stderr]    Compiling enum-as-inner v0.3.3
[INFO] [stderr]    Compiling wasm-bindgen-macro v0.2.67
[INFO] [stderr]     Checking tokio v0.2.22
[INFO] [stderr]     Checking thiserror v1.0.20
[INFO] [stderr]     Checking pin-project v0.4.23
[INFO] [stderr]     Checking futures-util v0.3.5
[INFO] [stderr]     Checking tokio-util v0.3.1
[INFO] [stderr]     Checking tokio-tls v0.3.1
[INFO] [stderr]     Checking serde v1.0.115
[INFO] [stderr]     Checking futures-executor v0.3.5
[INFO] [stderr]     Checking h2 v0.2.6
[INFO] [stderr]     Checking futures v0.3.5
[INFO] [stderr]     Checking trust-dns-proto v0.19.5
[INFO] [stderr]     Checking tokio-socks v0.2.2
[INFO] [stderr]     Checking trust-dns-resolver v0.19.5
[INFO] [stderr]     Checking serde_json v1.0.57
[INFO] [stderr]     Checking serde_urlencoded v0.6.1
[INFO] [stderr]     Checking hyper v0.13.7
[INFO] [stderr]     Checking js-sys v0.3.44
[INFO] [stderr]     Checking hyper-tls v0.4.3
[INFO] [stderr]     Checking reqwest v0.10.7
[INFO] [stderr]     Checking web-sys v0.3.44
[INFO] [stderr]     Checking gloo-timers v0.2.1
[INFO] [stderr]     Checking futures-timer v3.0.2
[INFO] [stderr]     Checking async-std v1.6.3
[INFO] [stderr]     Checking async-native-tls v0.3.3
[INFO] [stderr]     Checking fast-socks5 v0.3.1
[INFO] [stderr]     Checking async-std-resolver v0.19.5
[INFO] [stderr]     Checking async-smtp v0.3.4
[INFO] [stderr]     Checking check-if-email-exists v0.8.13
[INFO] [stderr]     Checking check-if-email-exists-cli v0.7.1 (/opt/rustwide/workdir)
[INFO] [stdout] error[E0432]: unresolved imports `check_if_email_exists::email_exists`, `check_if_email_exists::EmailInput`
[INFO] [stdout]   --> src/http.rs:17:29
[INFO] [stdout]    |
[INFO] [stdout] 17 | use check_if_email_exists::{email_exists, EmailInput};
[INFO] [stdout]    |                             ^^^^^^^^^^^^  ^^^^^^^^^^ no `EmailInput` in the root
[INFO] [stdout]    |                             |
[INFO] [stdout]    |                             no `email_exists` in the root
[INFO] [stdout] 
[INFO] [stdout] 
[INFO] [stdout] error[E0432]: unresolved imports `check_if_email_exists::email_exists`, `check_if_email_exists::EmailInput`
[INFO] [stdout]   --> src/main.rs:25:29
[INFO] [stdout]    |
[INFO] [stdout] 25 | use check_if_email_exists::{email_exists, EmailInput};
[INFO] [stdout]    |                             ^^^^^^^^^^^^  ^^^^^^^^^^ no `EmailInput` in the root
[INFO] [stdout]    |                             |
[INFO] [stdout]    |                             no `email_exists` in the root
[INFO] [stdout] 
[INFO] [stdout] 
[INFO] [stdout] error[E0432]: unresolved imports `check_if_email_exists::email_exists`, `check_if_email_exists::EmailInput`
[INFO] [stdout]   --> src/http.rs:17:29
[INFO] [stdout]    |
[INFO] [stdout] 17 | use check_if_email_exists::{email_exists, EmailInput};
[INFO] [stdout]    |                             ^^^^^^^^^^^^  ^^^^^^^^^^ no `EmailInput` in the root
[INFO] [stdout]    |                             |
[INFO] [stdout]    |                             no `email_exists` in the root
[INFO] [stdout] 
[INFO] [stdout] 
[INFO] [stdout] error[E0432]: unresolved imports `check_if_email_exists::email_exists`, `check_if_email_exists::EmailInput`
[INFO] [stdout]   --> src/main.rs:25:29
[INFO] [stdout]    |
[INFO] [stdout] 25 | use check_if_email_exists::{email_exists, EmailInput};
[INFO] [stdout]    |                             ^^^^^^^^^^^^  ^^^^^^^^^^ no `EmailInput` in the root
[INFO] [stdout]    |                             |
[INFO] [stdout]    |                             no `email_exists` in the root
[INFO] [stdout] 
[INFO] [stdout] 
[INFO] [stdout] error: aborting due to 2 previous errors
[INFO] [stdout] 
[INFO] [stdout] 
[INFO] [stdout] For more information about this error, try `rustc --explain E0432`.
[INFO] [stdout] 
[INFO] [stderr] error: could not compile `check-if-email-exists-cli`.
[INFO] [stderr] 
[INFO] [stderr] To learn more, run the command again with --verbose.
[INFO] [stderr] warning: build failed, waiting for other jobs to finish...
[INFO] [stdout] error: aborting due to 2 previous errors
[INFO] [stdout] 
[INFO] [stdout] 
[INFO] [stdout] For more information about this error, try `rustc --explain E0432`.
[INFO] [stdout] 
[INFO] [stderr] error: build failed
[INFO] running `Command { std: "docker" "inspect" "ef1f4e6a6939d4e107080c1136cd782cb28120af81e613d32be57182ac9c9d45", kill_on_drop: false }`
[INFO] running `Command { std: "docker" "rm" "-f" "ef1f4e6a6939d4e107080c1136cd782cb28120af81e613d32be57182ac9c9d45", kill_on_drop: false }`
[INFO] [stdout] ef1f4e6a6939d4e107080c1136cd782cb28120af81e613d32be57182ac9c9d45
